est common factor of 9019 and 20837.
311
What is the highest common factor of 23744 and 7532?
28
Calculate the highest common divisor of 108 and 83619.
27
What is the greatest common divisor of 23165 and 7345?
565
Calculate the highest common factor of 756 and 57582.
126
What is the highest common divisor of 222201 and 63?
63
What is the greatest common divisor of 3066 and 714?
42
Calculate the highest common factor of 77 and 12523.
7
Calculate the highest common factor of 28847 and 637.
91
What is the highest common factor of 138768 and 61124?
1652
Calculate the greatest common divisor of 400 and 9245800.
200
Calculate the greatest common divisor of 67450 and 45440.
710
What is the greatest common divisor of 385 and 160?
5
What is the greatest common divisor of 150 and 171825?
75
Calculate the highest common divisor of 41316 and 14432.
44
What is the greatest common divisor of 49064 and 224?
8
What is the highest common factor of 17835 and 105705?
435
Calculate the highest common divisor of 2220 and 1140.
60
Calculate the highest common factor of 71922 and 30.
6
What is the highest common factor of 3 and 60735?
3
What is the greatest common divisor of 744 and 159464?
248
What is the greatest common divisor of 3702 and 174?
6
What is the highest common divisor of 652597 and 1353?
451
Calculate the highest common divisor of 71 and 108275.
71
Calculate the highest common factor of 7406 and 42.
14
What is the highest common divisor of 1172234 and 5735?
1147
What is the greatest common factor of 75318 and 1230?
6
What is the greatest common factor of 1258 and 493?
17
Calculate the highest common factor of 1061085 and 52915.
2785
What is the highest common factor of 34678 and 9?
1
What is the highest common factor of 2879933 and 3309?
1103
What is the highest common factor of 45 and 2494515?
15
Calculate the highest common factor of 353275 and 650.
325
What is the greatest common divisor of 702 and 44118?
54
Calculate the greatest common factor of 2342809 and 47.
47
Calculate the highest common factor of 890731 and 439.
439
What is the greatest common divisor of 33 and 56991?
33
What is the greatest common factor of 200409 and 33?
33
Calculate the greatest common divisor of 1162760 and 16400.
1640
Calculate the highest common factor of 29800 and 23900.
100
Calculate the greatest common factor of 434 and 1130353.
217
Calculate the highest common divisor of 5317 and 736609.
409
Calculate the greatest common divisor of 126 and 86247.
63
Calculate the highest common factor of 448 and 10656.
32
What is the greatest common factor of 38384 and 112?
16
Calculate the highest common divisor of 118 and 73986.
118
Calculate the greatest common divisor of 3 and 4039563.
3
What is the greatest common divisor of 661340 and 80?
20
What is the greatest common factor of 141 and 192?
3
What is the greatest common factor of 5398 and 38?
2
What is the greatest common divisor of 372470 and 42?
14
Calculate the highest common factor of 355275 and 1025.
25
Calculate the highest common factor of 209900 and 350.
50
Calculate the highest common divisor of 495710 and 190.
190
What is the highest common factor of 1476 and 8208?
36
What is the greatest common factor of 949206 and 6?
6
What is the highest common divisor of 30 and 7584?
6
What is the highest common divisor of 2082 and 37823?
347
Calculate the greatest common divisor of 429 and 318461.
143
What is the highest common divisor of 30 and 34555?
5
What is the greatest common divisor of 272 and 812906?
34
What is the highest common factor of 76 and 1173136?
76
Calculate the greatest common factor of 55 and 3655.
5
What is the greatest common factor of 417 and 42812?
139
Calculate the highest common divisor of 19133 and 19247.
19
What is the greatest common factor of 28255 and 5?
5
Calculate the highest common divisor of 150 and 15350.
50
Calculate the greatest common divisor of 441 and 22393.
49
What is the highest common divisor of 60 and 1078660?
20
Calculate the greatest common divisor of 872 and 1360.
8
Calculate the highest common divisor of 851062 and 724.
362
Calculate the greatest common divisor of 3 and 1052.
1
Calculate the greatest common divisor of 415 and 451271.
83
What is the greatest common divisor of 8602 and 57970?
374
Calculate the highest common divisor of 478 and 3648574.
478
Calculate the greatest common divisor of 456 and 2660.
76
What is the greatest common divisor of 8281 and 154128?
169
What is the greatest common divisor of 286 and 248534?
286
What is the highest common factor of 10648 and 69575?
121
Calculate the greatest common factor of 20920 and 15.
5
Calculate the greatest common factor of 760436 and 604.
604
Calculate the greatest common divisor of 775 and 2015.
155
Calculate the greatest common divisor of 381036 and 5058.
1686
Calculate the greatest common factor of 42 and 49758.
6
Calculate the highest common divisor of 20887040 and 2624.
2624
Calculate the greatest common factor of 75 and 18150.
75
Calculate the greatest common divisor of 4002116 and 116.
116
Calculate the greatest common factor of 23850 and 387.
9
Calculate the highest common divisor of 3250 and 915200.
650
What is the highest common divisor of 376248 and 976?
488
What is the greatest common divisor of 909427 and 689?
53
Calculate the greatest common factor of 1101 and 21.
3
What is the highest common divisor of 359833 and 1208?
151
What is the highest common factor of 180 and 45180?
180
What is the greatest common factor of 233 and 7867711?
233
What is the highest common divisor of 42645 and 1905?
15
What is the greatest common divisor of 348 and 35409?
87
What is the greatest common factor of 48 and 105680?
16
What is the greatest common factor of 882 and 16562?
98
Calculate the greatest common factor of 8484 and 315.
21
What is the highest common factor of 2525 and 305?
5
What is the highest common divisor of 83 and 4147261?
83
What is the highest common factor of 137372 and 976?
244
Calculate the highest common factor of 1712 and 28464.
16
What is the greatest common factor of 740 and 140970?
370
Calculate the greatest common factor of 348 and 25050.
6
What is the highest common factor of 1095 and 30295?
365
What is the greatest common divisor of 168 and 488754?
42
Calculate the greatest common factor of 231770 and 10.
10
What is the highest common divisor of 6163 and 1?
1
Calculate the greatest common factor of 44289 and 84.
21
Calculate the greatest common divisor of 15469 and 7984.
499
Calculate the highest common divisor of 1704 and 79368.
24
What is the highest common factor of 860 and 168940?
20
Calculate the highest common factor of 513684 and 72.
36
Calculate the greatest common factor of 180396 and 18.
18
What is the greatest common factor of 119 and 11403?
7
What is the greatest common factor of 96 and 13152?
96
Calculate the highest common factor of 959 and 12193.
137
What is the highest common factor of 8388 and 7974?
18
Calculate the greatest common divisor of 7 and 39961.
1
Calculate the greatest common factor of 7070 and 1750.
70
What is the greatest common divisor of 12 and 3982476?
12
What is the highest common factor of 38969 and 14763?
133
Calculate the highest common divisor of 84949 and 209.
19
Calculate the highest common divisor of 601310 and 15.
5
What is the greatest common factor of 297 and 6347?
11
Calculate the highest common divisor of 1802 and 8480.
106
Calculate the highest common factor of 186867 and 1215.
243
Calculate the greatest common factor of 179730 and 90.
90
Calculate the greatest common factor of 12133 and 11.
11
Calculate the highest common divisor of 1504 and 4621792.
1504
What is the greatest common factor of 1198164 and 726?
66
What is the highest common factor of 1498 and 2142?
14
Calculate the highest common factor of 153984 and 6528.
384
What is the highest common factor of 1098 and 3474?
18
Calculate the highest common divisor of 379372 and 1088.
68
What is the highest common factor of 185752 and 217?
217
What is the highest common divisor of 916886 and 2154?
718
What is the highest common factor of 664812 and 72?
36
What is the highest common divisor of 962592 and 5920?
1184
What is the highest common factor of 245 and 2300011?
49
Calculate the highest commo